 o(l) = -3*l**2 + 0*l**3 - z + 10*l + 13*l**2 - l**2 - 18*l**2 - l**3. Calculate o(-10).
-5
Let w(b) = -b**2 - 12*b - 36. Suppose -12*q + 4*u - 21 = -9*q, -2*u = 5*q + 35. Calculate w(q).
-1
Let t(b) = b**2 + 15*b + 42. Let l = -12717 - -12705. What is t(l)?
6
Suppose 4*u + 5*q - q = -4, -1 = -q. Let t(h) = 9*h**2 - 24*h + 2. Let f(b) = 13*b**2 - 39*b + 4. Let x(c) = -3*f(c) + 5*t(c). Give x(u).
28
Let g(q) = q**3 + 23*q**2 + 61*q + 25. Let y be g(-20). Let f(s) = -2*s**3 + 7*s**2 - 3*s + 15. Give f(y).
-75
Suppose 52 = -15*u + 217. Let w(o) = 7*o + 21. What is w(u)?
98
Let z = -96 - -97. Let o be 3 + -2 - (z - 3 - -1). Let r(t) = 20*t**2 + 2*t + 4*t - o*t - 19*t**2. Give r(-4).
0
Let x(u) = -u. Suppose -a = -2*y - 2*y, -a = 4*y + 8. Let c be (-2)/a*-4*-3. Calculate x(c).
-6
Let l(w) be the first derivative of 3*w**2/2 - w - 1. Let n be 5 + 296 + -1*2/(-1). Let x = -305 + n. Give l(x).
-7
Let n(y) = 3*y**3 - y**2 - y. Let m = 84 + -94. Let a be 20/(-50) + 56/m. Let b be -3 - ((-4)/a*-3 + 0). What is n(b)?
-3
Let c(p) be the first derivative of -p**4/4 - 5*p**3/3 - p**2/2 - 2*p - 4220. Give c(-4).
-14
Let c be (-6)/4*6/9. Let t(y) be the first derivative of 15*y**2/2 - 2882. What is t(c)?
-15
Let n = -251 - -298. Let z(h) = 3*h + h**3 + 6*h**2 - 49 + 98 - n. Determine z(-6).
-16
Let z be 2/7 - (-99)/21. Let s(l) be the second derivative of -l**2 - 1/20*l**5 + 0 + 1/2*l**4 - 5/6*l**3 + 4*l. Give s(z).
-2
Let n(f) be the third derivative of -f**5/60 - 13*f**4/24 - 25*f**3/6 + 2*f**2 + 2194*f. Calculate n(-10).
5
Let b(p) = 4*p + 3. Suppose 54 - 150 = -4*i. Let w(x) = 2*x**2 + 6*x + 17. Let g be w(-4). Suppose i*y - 3 = g*y. Determine b(y).
-9
Suppose 3*b + 19*r - 6 = 16*r, 0 = -4*r. Let l(i) = -5 - 9*i - b*i + 10*i. What is l(-4)?
-1
Let r(t) = -44*t - 1. Let z(y) = -275*y + 626. Let f(o) = -6*r(o) + z(o). Determine f(58).
-6
Let c(m) = -m**2 + 33*m - 44. Let v be (6 + 75/(-10))/(876/88 + -10). What is c(v)?
-44
Let a(w) = -113*w**3 - 6*w**2 + 6*w + 16. Let f(r) = 200*r**3 + 11*r**2 - 12*r - 30. Let b(h) = -7*a(h) - 4*f(h). Determine b(-2).
60
Let v be (-56)/(-33) - 40/110. Let g(n) be the first derivative of -4 + 3*n - 1/2*n**2 + 1/4*n**4 + v*n**3. What is g(-3)?
15
Let h(c) be the third derivative of -c**4/12 - c**3 - 5899*c**2. Calculate h(-3).
0
Let d(m) = -19*m - 317. Let o be d(-16). Let t(i) = -i**2 - 13*i + 4. Calculate t(o).
4
Let z(m) be the first derivative of m**4/4 - m**3/3 + m - 127. Let s = -252 + 253. Give z(s).
1
Suppose w = l + 36, 2*w - 87 + 25 = -3*l. Suppose w*z = -103 - 67. Let a(t) = -4*t + 3. Determine a(z).
23
Suppose 3 = -b - 4. Let d(y) = -17*y**2 + 18*y**2 + 17 + 13 + 9*y - 20. Determine d(b).
-4
Let p(t) = t**2 - 2*t + 2. Let u = 2234 - 2231. Give p(u).
5
Let i(f) = f**2 + 7*f + 3. Let q = 14485 - 14491. Calculate i(q).
-3
Let n = 163 - 161. Let u be (-1)/2*(n + -18). Let o(w) = 6*w - 8. Let p(t) = -5*t + 7. Let z(x) = -2*o(x) - 3*p(x). What is z(u)?
19
Let c(y) = 8*y**3 - y**2 + 1. Suppose -2*d + w + 2*w + 78 = 0, -5*w = -5*d + 195. Let t = 43 - d. Suppose 2*k = -2*k + t. Give c(k).
8
Let b(q) = 1. Let d(z) be the first derivative of z**2/2 + 4*z + 26. Let h(y) = 6*b(y) - 2*d(y). Calculate h(6).
-14
Let k(t) = -14*t**2 + 17*t + 5. Suppose 2*p = -13 + 21. Let r(s) = -6*s + 6*s**2 - 6*s**2 + 2*s**2 + 3*s**2 - 2. Let i(l) = p*k(l) + 11*r(l). Calculate i(2).
-2
Let n(i) = i**3 + 2*i**2 - 3*i + 108. Let t be n(0). Let y be 18/4*48/t. Let k(o) = 5*o + 7 - 7. What is k(y)?
10
Let l(g) = g + 3. Let r(o) = o**2 + 13*o - 92. Let t be r(6). Suppose -9 = 3*u - 3, -t = 3*q - 4*u. Give l(q).
-7
Suppose 3*i = 4*l + 11, -2*i + 0 = 4*l - 14. Let d be (-16)/10*i/(-2). Let g(m) = m**2 + 2*m - 6. Give g(d).
18
Let u(f) = f**3 + 16*f**2 + 16*f + 5. Let k be 0/2 + -6 + -9. What is u(k)?
-10
Let u(k) = 5*k - 2*k + 2*k - 4*k + 94 - 75. Suppose -12 = 3*s + 33. What is u(s)?
4
Suppose -30*c + 51*c = -92*c - 226. Let l(y) = -19*y**2 + 2*y + 7. Give l(c).
-73
Let y = 22 + -16. Let z(c) be the third derivative of c**5/60 - 5*c**4/24 + 64*c**2 - 3. What is z(y)?
6
Suppose 0 = -3*t - 0 + 6. Suppose 4*p = 5*p - t. Let d(z) be the third derivative of -5*z**4/24 + z**3/2 - 43*z**2. Give d(p).
-7
Let g be (-1)/(-9 - -8)*4. Let n(a) = 1. Let r(b) = -b**3 - 11*b**2 + 12*b - 2. Let k(o) = g*n(o) + r(o). What is k(-12)?
2
Let u(k) be the first derivative of -k**3/3 - 6*k**2 - 7*k + 1873. Determine u(-5).
28
Let q(f) = -18*f + 264. Let o be q(15). Let b be (o/5)/(7 + (-1859)/260). Let l(v) = -7*v**2 - v + v**3 - 2 - 6*v + 0*v**3. Give l(b).
6
Let l(i) = -3*i - 1298854*i**2 + 10 + 1298862*i**2 - i**3 - 3. What is l(3)?
43
Let z(f) be the second derivative of f**5/20 - 5*f**4/12 - f**3 - 4*f**2 - f. Suppose 0 = 2*t + 22, -2*x - 202*t + 204*t + 34 = 0. What is z(x)?
-8
Let u(o) = 5 - 5*o**2 + o**2 + 3*o**2 + 5*o - 9*o + 7*o. Determine u(-4).
-23
Let j(m) = -m. Suppose -2*q - 5*q = -546. Suppose 0*w - 3*w + q = 0. Let c = w - 23. Determine j(c).
-3
Let o(v) be the second derivative of -v**3 + 2*v**2 - v. Let b(q) = q**2 - 105*q + 1637. Let f be b(19). Give o(f).
-14
Let j(b) = -b**2 - 24*b + 1. Suppose 58*p - 19*p + 30*p + 690 = 0. What is j(p)?
141
Let u = -32428 + 32412. Let g(r) = -r**2 - 18*r + 10. Determine g(u).
42
Let u(p) = -p**3 + 131*p**2 + 830*p - 1098. Let r be u(137). Let k(w) be the first derivative of -w**2/2 - 4*w - 1. Determine k(r).
-2
Let n(u) = u + 20. Let k be n(-17). Suppose -2*b = k*b - 20. Let o be (b - (3 - 0))*7. Let g(c) = c**3 - 7*c**2 - c. Calculate g(o).
-7
Let w(l) = -l**3 - 3*l**2 + 5*l + 3. Let y = 60 + -72. Let i be (53/(-3))/(y/36). Let m = 50 - i. Calculate w(m).
-12
Let j(c) = 58*c + c**2 - 4 - 6 + 18 + 7*c - 14*c**2. Give j(5).
8
Suppose d + 2*d - 4*s - 2 = 0, 4*s = 4*d - 4. Let w be d*(-5 - 1)/(1 + -5). Let p(u) = 7*u - 4. What is p(w)?
17
Let l(z) = 4*z - 6. Let h(a) = -a. Let o(b) = 6*h(b) + l(b). Let w be (-6)/(-57) + 16720/(-1083) + (-30)/(-9). Calculate o(w).
18
Let l(o) = -3*o**3 - 5*o**2 + 2*o + 4. Let w(r) = r - 15*r**2 + 11*r - 14*r - 8*r**3 + 11 + 7*r. Let g(t) = -11*l(t) + 4*w(t). What is g(6)?
24
Suppose 49*b = -48*b + 19 + 563. Let y(i) = -i**2 + 3*i + 12. Determine y(b).
-6
Let w be (-1*2)/(8/(-12)). Let f(n) = w*n + n + 4 - 1 - 2*n. Suppose 483 + 12 = -99*q. Determine f(q).
-7
Let x(v) = v**3 + v**2 - v + 2. Let g(d) = 5*d**3 + 2*d**2 + d + 4. Let y(h) = -g(h) + 2*x(h). Calculate y(-3).
90
Let w(y) = -5*y - 7. Let s(t) = 24*t + 34. Let z(g) = -3*s(g) - 14*w(g). Suppose 6680*u - 6687*u - 28 = 0. Give z(u).
4
Suppose 6*b = 4*b + 6. Suppose -3*s - 19 = 2*a - 3*a, -4*s - 32 = -3*a. Let k(j) = a + 0 + j**3 + j - 6*j**2 - 2*j + 3*j**2. Give k(b).
1
Let f be 0/12 + (1 - -1). Let k = -22 - f. Let b = k + 23. Let l(n) = -9*n**2 + 1. Give l(b).
-8
Let d(v) = -6*v**2 + 7*v + 14. Let k(l) = 2*l**2 - 2*l - 5. Let h(t) = 3*d(t) + 8*k(t). Suppose 36*m + 12 = 3*z + 41*m, 24 = 6*z + 3*m. What is h(z)?
-10
Let u(j) be the third derivative of j**5/60 - j**4/3 + j**3/3 - 1571*j**2. What is u(8)?
2
Let q(g) be the first derivative of 35 + 0*g + 25/2*g**2 + 1/60*g**6 + 0*g**4 + 0*g**3 + 1/30*g**5. Let h(o) be the second derivative of q(o). Determine h(-2).
-8
Let k(s) = -8*s**2 + 20*s - 12. Let u(l) = -3*l**2 + 7*l - 4. Let m(p) = 4*k(p) - 11*u(p). Let x = 3710 + -3710. Determine m(x).
-4
Suppose -h - 2*h + 6 = 3*i, -i - 26 = -6*h. Let z(u) = -u - 15. Determine z(h).
-19
Let z(c) = c + 1. Let s(u) = -4*u**3 - 5*u**2 - u + 9. Let w be s(-3). Let a be (30/w)/(1/(-5)) + 98. Let x = a - 88. Determine z(x).
9
Let s(u) be the third derivative of u**5/60 - 5*u**4/24 - u**3/2 + 6*u**2. Suppose 0 = -46*r + 51*r - 40. Suppose 4*n - r*n = -20. Determine s(n).
-3
Let i(a) = -a**3 + 49*a**2 + 100*a + 224. Let b be i(51). Let n = b - 119. Let d(u) = -2*u + 6. Calculate d(n).
0
Let o(a) = -a**2 - 6*a + 8. Let t(r) = -r**3 - 28*r**2 - 28*r - 23. Let p be t(-27). Suppose 7*i - 9 = 8*i - y, 27 = -p*i + y. Give o(i).
8
Let l(r) = 2*r + 8. Let c be (0 - -1)/(37/(-74)) - 12. Let f be (-336)/49 + (-12)/c + 0. Calculate l(f).
-4
Let k(n) = -n + 6. Let q(z) = z**2 + 14*z - 47. Let g be q(-17). Let x be 21*g/(-3)*(-9)/36. Give k(x).
-1
Let w(z) be the third derivative of -z**6/120 - 3*z**5/20 - 7*z**4/24 - z**3 + 21*z**2 + 6*z. Give w(-6).
-72
Let 